t of 25931549?
9
What is the units digit of 66581021?
1
What is the hundreds digit of 39355927?
9
What is the tens digit of 97034647?
4
What is the units digit of 1246718067?
7
What is the tens digit of 61183878?
7
What is the millions digit of 32921786?
2
What is the hundreds digit of 196174987?
9
What is the ten thousands digit of 66621109?
2
What is the units digit of 109549315?
5
What is the ten thousands digit of 1178452276?
5
What is the hundred millions digit of 1407731269?
4
What is the hundreds digit of 119991281?
2
What is the hundred thousands digit of 171143419?
1
What is the billions digit of 1303429297?
1
What is the hundred millions digit of 113813293?
1
What is the ten thousands digit of 7954632784?
3
What is the hundreds digit of 137589041?
0
What is the millions digit of 397676063?
7
What is the ten thousands digit of 514768179?
6
What is the ten thousands digit of 53689045?
8
What is the units digit of 57021844?
4
What is the units digit of 205680844?
4
What is the units digit of 43638563?
3
What is the hundreds digit of 2437212095?
0
What is the ten millions digit of 2236007248?
3
What is the hundreds digit of 39514704?
7
What is the millions digit of 1173534906?
3
What is the hundred thousands digit of 195434970?
4
What is the hundred thousands digit of 1767806794?
8
What is the hundred millions digit of 1608231713?
6
What is the hundred millions digit of 1212812917?
2
What is the ten thousands digit of 6318409183?
0
What is the units digit of 910136612?
2
What is the thousands digit of 53924643?
4
What is the units digit of 258616746?
6
What is the units digit of 32678082?
2
What is the thousands digit of 949735011?
5
What is the tens digit of 2711753726?
2
What is the millions digit of 105467031?
5
What is the tens digit of 9384849?
4
What is the ten millions digit of 121929119?
2
What is the ten thousands digit of 1434415441?
1
What is the millions digit of 14247979?
4
What is the hundreds digit of 4673398910?
9
What is the ten millions digit of 166451248?
6
What is the tens digit of 93832258?
5
What is the hundreds digit of 3385309717?
7
What is the tens digit of 500188519?
1
What is the hundreds digit of 73117473?
4
What is the millions digit of 1217877821?
7
What is the hundred thousands digit of 534668062?
6
What is the tens digit of 1303381614?
1
What is the units digit of 1654589653?
3
What is the millions digit of 150920742?
0
What is the ten thousands digit of 3071225733?
2
What is the hundreds digit of 217838377?
3
What is the units digit of 2043877965?
5
What is the millions digit of 607676426?
7
What is the thousands digit of 109550924?
0
What is the hundreds digit of 5392442877?
8
What is the units digit of 24670719?
9
What is the units digit of 2548688948?
8
What is the ten millions digit of 17356069?
1
What is the millions digit of 7980389293?
0
What is the ten thousands digit of 64484737?
8
What is the millions digit of 153642153?
3
What is the tens digit of 3114165040?
4
What is the thousands digit of 981890665?
0
What is the millions digit of 61295852?
1
What is the tens digit of 295400818?
1
What is the ten millions digit of 55400808?
5
What is the ten thousands digit of 2633428506?
2
What is the ten millions digit of 18340981?
1
What is the millions digit of 41164637?
1
What is the tens digit of 1560579424?
2
What is the ten millions digit of 98061374?
9
What is the units digit of 99349436?
6
What is the billions digit of 2267616767?
2
What is the billions digit of 2072544994?
2
What is the millions digit of 515739202?
5
What is the thousands digit of 26432980?
2
What is the hundreds digit of 38306202?
2
What is the millions digit of 517338020?
7
What is the ten millions digit of 22460736?
2
What is the hundred thousands digit of 99281288?
2
What is the millions digit of 12702577?
2
What is the hundred millions digit of 5377120179?
3
What is the millions digit of 1498048662?
8
What is the thousands digit of 796682531?
2
What is the ten thousands digit of 103837409?
3
What is the millions digit of 1384558470?
4
What is the tens digit of 3898956308?
0
What is the hundred millions digit of 474651913?
4
What is the tens digit of 44337811?
1
What is the tens digit of 1094034936?
3
What is the billions digit of 4947470037?
4
What is the hundreds digit of 4454906427?
4
What is the thousands digit of 537122559?
2
What is the hundreds digit of 62256947?
9
What is the ten thousands digit of 12903022?
0
What is the tens digit of 116341370?
7
What is the ten thousands digit of 130010634?
1
What is the thousands digit of 129688683?
8
What is the ten thousands digit of 504945748?
4
What is the units digit of 48759359?
9
What is the ten millions digit of 96364858?
9
What is the hundreds digit of 3100760073?
0
What is the thousands digit of 205878505?
8
What is the ten millions digit of 45064572?
4
What is the units digit of 1767405127?
7
What is the ten millions digit of 1121254928?
2
What is the hundred millions digit of 908042843?
9
What is the ten millions digit of 26881608?
2
What is the hundred millions digit of 459581946?
4
What is the hundreds digit of 675239260?
2
What is the millions digit of 2766590?
2
What is the thousands digit of 28126133?
6
What is the hundred thousands digit of 150578578?
5
What is the ten thousands digit of 938489014?
8
What is the units digit of 179314476?
6
What is the ten millions digit of 354665343?
5
What is the units digit of 605061547?
7
What is the millions digit of 435584532?
5
What is the hundred millions digit of 1343449262?
3
What is the ten thousands digit of 519373568?
7
What is the tens digit of 108962612?
1
What is the units digit of 424093510?
0
What is the ten millions digit of 88347007?
8
What is the ten thousands digit of 5332671989?
7
What is the ten millions digit of 253074338?
5
What is the ten millions digit of 601686842?
0
What is the units digit of 5278689816?
6
What is the tens digit of 5423223943?
4
What is the tens digit of 2864346594?
9
What is the ten millions digit of 48714224?
4
What is the tens digit of 590613569?
6
What is the ten thousands digit of 19580946?
8
What is the hundred thousands digit of 24218514?
2
What is the thousands digit of 4569339195?
9
What is the ten millions digit of 1229908047?
2
What is the millions digit of 214017666?
4
What is the hundred thousands digit of 55023750?
0
What is the millions digit of 45582361?
5
What is the units digit of 54320362?
2
What is the tens digit of 3496698?
9
What is the ten thousands digit of 353072859?
7
What is the hundreds digit of 1741097576?
5
What is the ten millions digit of 4343050209?
4
What is the millions digit of 733181609?
3
What is the hundreds digit of 145703728?
7
What is the thousands digit of 1194901122?
1
What is the hundred thousands digit of 194671960?
6
What is the thousands digit of 60509346?
9
What is the hundred thousands digit of 1763675318?
6
What is the units digit of 22495384?
4
What is the hundreds digit of 574186170?
1
What is the hundreds digit of 145324963?
9
What is the billions digit of 2027458375?
2
What is the hundreds digit of 11185891?
8
What is the millions digit of 485035453?
5
What is the ten thousands digit of 65500407?
0
What is the thousands digit of 43544851?
4
What is the millions digit of 3191636786?
1
What is the hundreds digit of 38727191?
1
What is the ten thousands digit of 114447166?
4
What is the hundred thousands digit of 15422690?
4
What is the hundred thousands digit of 6796256926?
2
What is the ten millions digit of 3305868000?
0
What is the tens digit of 4009808743?
4
What is the hundred millions digit of 2548024358?
5
What is the ten thousands digit of 717274208?
7
What is the hundred thousands digit of 147486064?
4
What is the thousands digit of 23948406?
8
What is the units digit of 8490911?
1
What is the billions digit of 2541507803?
2
What is the units digit of 2291409058?
8
What is the ten millions digit of 48830596?
4
What is the millions digit of 403744634?
3
What is the units digit of 18539815?
5
What is the millions digit of 6106340607?
6
What is the ten millions digit of 15234575?
1
What is the hundreds digit of 180524241?
2
What is the hundreds digit of 446218027?
0
What is the hundreds digit of 614699017?
0
What is the th